{"id":341,"date":"2018-05-28T15:31:07","date_gmt":"2018-05-28T12:31:07","guid":{"rendered":"http:\/\/www.tanssiitatienkanssa.fi\/www\/?page_id=341"},"modified":"2018-05-28T15:35:46","modified_gmt":"2018-05-28T12:35:46","slug":"meri-lapin-helmi-ja-heikki-lehtijuttuja","status":"publish","type":"page","link":"https:\/\/www.tanssiitatienkanssa.fi\/www\/meri-lapin-helmi-ja-heikki-lehtijuttuja","title":{"rendered":"Meri-Lapin Helmi ja Heikki &#8211; Lehtijuttuja"},"content":{"rendered":"<p>[vc_row][vc_column width=&#8221;2\/3&#8243;][vc_custom_heading text=&#8221;Meri-Lapin Helmi ja Heikki 2016 Hannu Laurila ja Eila Toikka&#8221; use_theme_fonts=&#8221;yes&#8221;][vc_column_text]<strong>Eila Toikka<\/strong> ja <strong>Hannu Laurila<\/strong> voittivat t\u00e4m\u00e4nvuotisen Tanssii t\u00e4tien kanssa -kilpailun. He saivat siis Meri-Lapin Helmi ja Heikki -tittelit.[\/vc_column_text][\/vc_column][vc_column width=&#8221;1\/3&#8243;][vc_single_image image=&#8221;345&#8243; img_size=&#8221;full&#8221; alignment=&#8221;center&#8221; style=&#8221;vc_box_shadow_3d&#8221; onclick=&#8221;link_image&#8221; css_animation=&#8221;zoomIn&#8221;][\/vc_column][\/vc_row][vc_row][vc_column][vc_separator color=&#8221;chino&#8221; style=&#8221;dotted&#8221;][\/vc_column][\/vc_row][vc_row][vc_column width=&#8221;2\/3&#8243;][vc_custom_heading text=&#8221;Lounais-Lappi 29.1.2016: Helmi ja Heikki -kilpailu on kokenut muutoksia&#8221; use_theme_fonts=&#8221;yes&#8221;][vc_column_text]Tanssi T\u00e4tien Kanssa ry:n j\u00e4rjest\u00e4m\u00e4 Meri-Lapin Helmi ja Heikki \u2013tanssikilpailu on kokenut t\u00e4n\u00e4 vuonna muodonmuutoksia. Aikaisempina vuosina kisan naiset ovat olleet tanssintaitajia, joko tanssinopettajia tai \u2013ohjaajia tai muuten kokeneita tanssijoita, kun taas miehet aloittelijoita.<\/p>\n<p>T\u00e4n\u00e4 vuonna homma on k\u00e4\u00e4nnetty toisinp\u00e4in.<\/p>\n<p>Kilpailun yhteisharjoitukset alkoivat Kemin Pirtill\u00e4 lokakuun puolessav\u00e4liss\u00e4. Heikki ja Helmi \u2013tanssikilpailu j\u00e4rjestet\u00e4\u00e4n Yst\u00e4v\u00e4np\u00e4iv\u00e4n\u00e4 14.2. Tornion Musiikkitalolla.<\/p>\n<p>\u2013 Minua vieh\u00e4tt\u00e4\u00e4 seurata kuinka paljon parini kehittyy t\u00e4ss\u00e4 ajassa, kun h\u00e4n ei ole aikaisemmin tanssinut, <strong>Tuija Ahrikkalan<\/strong> parina tanssiva <strong>Jukka K\u00e4rkk\u00e4inen<\/strong> toteaa.[\/vc_column_text][\/vc_column][vc_column width=&#8221;1\/3&#8243;][vc_single_image image=&#8221;347&#8243; img_size=&#8221;full&#8221; alignment=&#8221;center&#8221; style=&#8221;vc_box_shadow_3d&#8221; onclick=&#8221;link_image&#8221; css_animation=&#8221;zoomIn&#8221;][\/vc_column][\/vc_row][vc_row][vc_column][vc_separator color=&#8221;chino&#8221; style=&#8221;dotted&#8221;][\/vc_column][\/vc_row][vc_row][vc_column width=&#8221;2\/3&#8243;][vc_custom_heading text=&#8221;Pohjolan Sanomat 8.12.2015: Helmi ja Heikki -kilpailu: Uurastus ja yleis\u00f6 palkitaan Yst\u00e4v\u00e4np\u00e4iv\u00e4n\u00e4&#8221; use_theme_fonts=&#8221;yes&#8221;][vc_column_text]<strong>Tuija Ahrikkala<\/strong> Torniosta ja <strong>Jukka K\u00e4rkk\u00e4inen<\/strong> Keminmaasta ovat yksi Helmi ja Heikki -tanssitapahtuman osallistujapareista.[\/vc_column_text][\/vc_column][vc_column width=&#8221;1\/3&#8243;][vc_single_image image=&#8221;349&#8243; img_size=&#8221;full&#8221; alignment=&#8221;center&#8221; style=&#8221;vc_box_shadow_3d&#8221; onclick=&#8221;link_image&#8221; css_animation=&#8221;zoomIn&#8221;][\/vc_column][\/vc_row]<\/p>\n","protected":false},"excerpt":{"rendered":"<p>[vc_row][vc_column width=&#8221;2\/3&#8243;][vc_custom_heading text=&#8221;Meri-Lapin Helmi ja Heikki 2016 Hannu Laurila ja Eila Toikka&#8221; use_theme_fonts=&#8221;yes&#8221;][vc_column_text]Eila Toikka ja Hannu Laurila voittivat t\u00e4m\u00e4nvuotisen Tanssii t\u00e4tien kanssa -kilpailun. He saivat siis Meri-Lapin Helmi ja Heikki -tittelit.[\/vc_column_text][\/vc_column][vc_column width=&#8221;1\/3&#8243;][vc_single_image image=&#8221;345&#8243; img_size=&#8221;full&#8221; alignment=&#8221;center&#8221; style=&#8221;vc_box_shadow_3d&#8221; onclick=&#8221;link_image&#8221; css_animation=&#8221;zoomIn&#8221;][\/vc_column][\/vc_row][vc_row][vc_column][vc_separator color=&#8221;chino&#8221; style=&#8221;dotted&#8221;][\/vc_column][\/vc_row][vc_row][vc_column width=&#8221;2\/3&#8243;][vc_custom_heading text=&#8221;Lounais-Lappi 29.1.2016: Helmi ja Heikki -kilpailu on kokenut muutoksia&#8221; use_theme_fonts=&#8221;yes&#8221;][vc_column_text]Tanssi T\u00e4tien Kanssa ry:n j\u00e4rjest\u00e4m\u00e4 &hellip; <a href=\"https:\/\/www.tanssiitatienkanssa.fi\/www\/meri-lapin-helmi-ja-heikki-lehtijuttuja\" class=\"more-link\">Jatka artikkeliin <span class=\"screen-reader-text\">Meri-Lapin Helmi ja Heikki &#8211; Lehtijuttuja<\/span><\/a><\/p>\n","protected":false},"author":1,"featured_media":0,"parent":0,"menu_order":0,"comment_status":"closed","ping_status":"closed","template":"","meta":{"footnotes":""},"class_list":["post-341","page","type-page","status-publish","hentry"],"aioseo_notices":[],"_links":{"self":[{"href":"https:\/\/www.tanssiitatienkanssa.fi\/www\/wp-json\/wp\/v2\/pages\/341","targetHints":{"allow":["GET"]}}],"collection":[{"href":"https:\/\/www.tanssiitatienkanssa.fi\/www\/wp-json\/wp\/v2\/pages"}],"about":[{"href":"https:\/\/www.tanssiitatienkanssa.fi\/www\/wp-json\/wp\/v2\/types\/page"}],"author":[{"embeddable":true,"href":"https:\/\/www.tanssiitatienkanssa.fi\/www\/wp-json\/wp\/v2\/users\/1"}],"replies":[{"embeddable":true,"href":"https:\/\/www.tanssiitatienkanssa.fi\/www\/wp-json\/wp\/v2\/comments?post=341"}],"version-history":[{"count":5,"href":"https:\/\/www.tanssiitatienkanssa.fi\/www\/wp-json\/wp\/v2\/pages\/341\/revisions"}],"predecessor-version":[{"id":351,"href":"https:\/\/www.tanssiitatienkanssa.fi\/www\/wp-json\/wp\/v2\/pages\/341\/revisions\/351"}],"wp:attachment":[{"href":"https:\/\/www.tanssiitatienkanssa.fi\/www\/wp-json\/wp\/v2\/media?parent=341"}],"curies":[{"name":"wp","href":"https:\/\/api.w.org\/{rel}","templated":true}]}}